test common divisor of 695245 and 1899.
211
What is the greatest common divisor of 340 and 51952?
68
What is the highest common divisor of 1458552 and 72?
24
What is the highest common divisor of 38827 and 1107?
41
Calculate the greatest common factor of 2772950 and 25.
25
Calculate the greatest common factor of 486 and 2214.
54
Calculate the highest common divisor of 4646721 and 241.
241
What is the greatest common factor of 177682 and 146?
146
What is the highest common factor of 1698 and 2474835?
849
Calculate the highest common factor of 9775 and 138.
23
Calculate the highest common factor of 1304 and 41891.
163
What is the highest common divisor of 5300 and 925?
25
What is the highest common divisor of 36 and 877052?
4
What is the highest common divisor of 1557 and 8097957?
1557
Calculate the highest common divisor of 249 and 429.
3
Calculate the highest common divisor of 174228 and 24.
12
Calculate the greatest common divisor of 41 and 458093.
41
What is the highest common factor of 102596 and 78?
26
Calculate the highest common factor of 780711 and 591.
591
What is the greatest common divisor of 38254 and 93?
31
What is the highest common divisor of 3224 and 18941?
403
Calculate the highest common factor of 1945 and 1835.
5
What is the greatest common factor of 16 and 17488?
16
What is the greatest common factor of 63 and 1719?
9
Calculate the greatest common divisor of 363888 and 14079.
1083
Calculate the highest common factor of 2403 and 192.
3
What is the highest common factor of 52662 and 2814?
402
What is the highest common divisor of 10568892 and 372?
372
What is the greatest common divisor of 4089 and 667?
29
Calculate the greatest common factor of 5354 and 11.
1
What is the greatest common divisor of 6608282 and 766?
766
What is the greatest common factor of 527 and 1519?
31
Calculate the greatest common divisor of 19950 and 722.
38
Calculate the highest common factor of 1084 and 17073.
271
Calculate the greatest common divisor of 295 and 515.
5
Calculate the greatest common factor of 50 and 144575.
25
Calculate the highest common divisor of 226 and 430304.
226
What is the greatest common factor of 67 and 400?
1
Calculate the highest common divisor of 4891 and 4307.
73
Calculate the highest common factor of 23500 and 1500.
500
What is the greatest common divisor of 14574 and 18844?
14
What is the highest common divisor of 6684 and 2772?
12
What is the greatest common divisor of 140 and 1292648?
28
What is the greatest common divisor of 1723939 and 14?
7
Calculate the highest common factor of 3465 and 304425.
495
Calculate the greatest common divisor of 10 and 2016.
2
What is the greatest common factor of 12488 and 70?
14
What is the greatest common divisor of 242904 and 1218?
174
What is the highest common factor of 426 and 4118?
142
Calculate the highest common factor of 303763 and 5091.
1697
Calculate the highest common divisor of 168126 and 84.
42
What is the highest common divisor of 122280 and 3840?
120
Calculate the highest common divisor of 108 and 57510.
54
Calculate the highest common factor of 560 and 12960.
80
Calculate the highest common factor of 608 and 8759.
19
Calculate the highest common factor of 262 and 3216181.
131
What is the highest common factor of 33 and 607387?
11
Calculate the greatest common factor of 55135 and 10.
5
What is the greatest common divisor of 13268 and 1333?
31
What is the highest common divisor of 2037 and 148022?
679
What is the greatest common divisor of 135 and 259929?
27
Calculate the highest common divisor of 323880 and 120.
120
Calculate the highest common factor of 460547 and 17.
17
Calculate the highest common factor of 12 and 86340.
12
Calculate the highest common divisor of 270 and 124686.
54
What is the greatest common factor of 5332348 and 628?
628
What is the highest common factor of 12595 and 225?
5
What is the greatest common divisor of 154 and 305998?
154
Calculate the highest common divisor of 15 and 57620.
5
What is the greatest common divisor of 755 and 36089?
151
Calculate the greatest common factor of 1500 and 12300.
300
Calculate the greatest common divisor of 1533 and 849939.
219
What is the highest common divisor of 517 and 195?
1
What is the greatest common factor of 89 and 115789?
89
Calculate the greatest common divisor of 1565942 and 2204.
1102
Calculate the highest common divisor of 189860 and 44.
44
What is the highest common factor of 248 and 183644?
124
What is the highest common factor of 100 and 272?
4
Calculate the highest common divisor of 50 and 1238.
2
Calculate the highest common divisor of 1897 and 1084.
271
Calculate the highest common divisor of 10872 and 792.
72
What is the greatest common divisor of 11911 and 1763?
43
What is the highest common factor of 577976 and 21?
7
What is the highest common divisor of 20652 and 3228?
12
What is the greatest common factor of 310 and 160?
10
What is the highest common factor of 102650 and 325?
25
Calculate the highest common factor of 557598 and 6766.
398
Calculate the greatest common divisor of 77 and 629167.
77
Calculate the greatest common factor of 2325945 and 870.
435
What is the highest common divisor of 159783 and 102?
51
What is the greatest common divisor of 94 and 18189?
47
What is the highest common factor of 416 and 3250?
26
What is the highest common factor of 1276 and 841?
29
What is the highest common factor of 82030 and 6500?
130
Calculate the highest common factor of 1488 and 1728.
48
Calculate the greatest common divisor of 40 and 85640.
40
What is the highest common divisor of 2968 and 477106?
742
What is the greatest common factor of 492345 and 13230?
945
Calculate the greatest common divisor of 372 and 193254.
186
What is the greatest common factor of 63 and 391293?
63
What is the highest common divisor of 2066560 and 10?
10
What is the highest common divisor of 11745 and 5355?
45
Calculate the highest common factor of 29269 and 3.
1
Calculate the greatest common divisor of 193 and 2554.
1
What is the greatest common divisor of 154 and 33616?
22
Calculate the highest common divisor of 13054 and 1284.
214
Calculate the greatest common divisor of 210 and 46350.
30
Calculate the greatest common divisor of 52545 and 17.
1
Calculate the greatest common factor of 130 and 83915.
65
Calculate the greatest common factor of 13760 and 832.
64
What is the highest common divisor of 64285 and 7475?
1495
Calculate the highest common divisor of 50 and 18401325.
25
What is the greatest common divisor of 39592 and 16?
8
What is the highest common factor of 48568 and 832?
104
Calculate the greatest common divisor of 12 and 3196704.
12
What is the highest common factor of 203603 and 485?
97
What is the greatest common divisor of 7885518 and 97?
97
What is the highest common divisor of 90 and 18882?
18
What is the greatest common divisor of 378 and 3402?
378
What is the greatest common factor of 2025 and 750?
75
What is the highest common divisor of 968 and 49610?
242
What is the greatest common factor of 51305 and 155?
155
Calculate the highest common factor of 1351725 and 5.
5
What is the greatest common divisor of 684446 and 42?
14
What is the highest common factor of 2922966 and 54?
54
What is the greatest common divisor of 288640 and 10865?
205
What is the highest common factor of 391294 and 7160?
358
What is the highest common divisor of 274 and 179?
1
Calculate the greatest common divisor of 1582 and 17741.
113
What is the greatest common divisor of 12 and 957?
3
What is the highest common divisor of 7130 and 13330?
310
Calculate the greatest common divisor of 111428 and 356.
356
Calculate the highest common divisor of 469 and 2929374.
469
Calculate the greatest common factor of 17529 and 573.
3
Calculate the greatest common divisor of 231 and 27665.
11
What is the greatest common divisor of 10304 and 944?
16
What is the greatest common divisor of 2811927 and 174?
87
Calculate the highest common factor of 129 and 208851.
129
Calculate the greatest common factor of 18 and 2262636.
18
What is the highest common divisor of 234336 and 4608?
96
What is the highest common divisor of 399901 and 69?
23
What is the greatest common divisor of 1242 and 639?
9
What is the greatest common divisor of 3341123 